{"id":2182,"date":"2021-05-14T15:35:00","date_gmt":"2021-05-14T15:35:00","guid":{"rendered":"https:\/\/gracey.qodeinteractive.com\/?page_id=2182"},"modified":"2024-06-21T15:11:50","modified_gmt":"2024-06-21T15:11:50","slug":"about-me","status":"publish","type":"page","link":"https:\/\/patriciagoeckert.com\/?page_id=2182","title":{"rendered":"About Me"},"content":{"rendered":"\t\t<div data-elementor-type=\"wp-page\" data-elementor-id=\"2182\" class=\"elementor elementor-2182\">\n\t\t\t\t\t\t<section class=\"elementor-section elementor-top-section elementor-element elementor-element-b8c8fdf elementor-section-full_width qodef-elementor-content-grid elementor-section-height-default elementor-section-height-default\" data-id=\"b8c8fdf\" data-element_type=\"section\">\n\t\t\t\t\t\t<div class=\"elementor-container elementor-column-gap-default\">\n\t\t\t\t\t<div class=\"elementor-column elementor-col-50 elementor-top-column elementor-element elementor-element-85a5bf3\" data-id=\"85a5bf3\" data-element_type=\"column\">\n\t\t\t<div class=\"elementor-widget-wrap elementor-element-populated\">\n\t\t\t\t\t\t<div class=\"elementor-element elementor-element-ce3e951 elementor-widget__width-initial elementor-widget-tablet__width-initial elementor-widget-mobile__width-initial elementor-widget elementor-widget-gracey_core_info_section\" data-id=\"ce3e951\" data-element_type=\"widget\" data-widget_type=\"gracey_core_info_section.default\">\n\t\t\t\t<div class=\"elementor-widget-container\">\n\t\t\t<div class=\"qodef-shortcode qodef-m  qodef-info-section qodef-layout--background-text  qodef-alignment--left qodef-background-text-pos--top-left\">\n\t<div class=\"qodef-m-background-text\">\n\t\t\t<\/div>\n\t<div class=\"qodef-m-info\">\n\t\t    <p class=\"qodef-m-subtitle\">About me<\/p>\n\n\t\t\t<h2 class=\"qodef-m-title\" >\n\t\tHI ICH BIN<br \/> PAT. Medienk\u00fcnstler*in und Grafik - designer*in!\t<\/h2>\n\t\t\t\t\t<\/div>\n<\/div>\n\t\t<\/div>\n\t\t\t\t<\/div>\n\t\t\t\t<div class=\"elementor-element elementor-element-620c1ed elementor-widget__width-initial elementor-widget-tablet__width-initial elementor-widget elementor-widget-text-editor\" data-id=\"620c1ed\" data-element_type=\"widget\" data-widget_type=\"text-editor.default\">\n\t\t\t\t<div class=\"elementor-widget-container\">\n\t\t\t\t\t\t\t<p>Ich bin multimediale Ku\u0308nstler*In aus Wien. Geboren wurde ich 1999 in Asten. Dort ging ich bis zu meinem 14. Lebensjahr zur Schule. Danach wechselte ich auf die H\u00f6here Technische Lehranstalt fu\u0308r Grafik- und Kommunikationsdesign in Linz und machte dort 2019 meine Matura. Danach folgte die Meisterklasse fu\u0308r Grafikdesign in Linz, welche ich mit Diplom abschlo\u00df. Seit 2020 studiere ich Zeitbasierte und Interaktive Medienkunst an der Kunstuniversit\u00e4t Linz und begann in der Kunstwelt Fu\u00df zu fassen.\u00a0<\/p><p>In meinen ku\u0308nstlerischen Arbeiten besch\u00e4ftige ich mich vor\u00a0allem mit sozialkritischen, queerfeministischen Thematiken,\u00a0welche ich mithilfe unterschiedlichster Medien aufarbeite.<\/p><p>Ich m\u00f6chte mit meinen Arbeiten die Problematik unserer\u00a0patriarchalen, heteronomen Gesellschaft aufzeigen und versuche\u00a0dieser entgegenzuwirken. Wichtig ist mir zudem, der\u00a0dazu ben\u00f6tigte Aufkl\u00e4rungsfaktor, der in all meinen Arbeiten\u00a0mitschwingt. Meinen Schwerpunkt habe ich in Dokumentar- und\u00a0Animationsfilm, sowie Illustration und Fotografie.<\/p>\t\t\t\t\t\t<\/div>\n\t\t\t\t<\/div>\n\t\t\t\t<div class=\"elementor-element elementor-element-bde593b elementor-widget elementor-widget-text-editor\" data-id=\"bde593b\" data-element_type=\"widget\" data-widget_type=\"text-editor.default\">\n\t\t\t\t<div class=\"elementor-widget-container\">\n\t\t\t\t\t\t\t<h5>Contact<\/h5>\t\t\t\t\t\t<\/div>\n\t\t\t\t<\/div>\n\t\t\t\t<div class=\"elementor-element elementor-element-38d8559 elementor-widget elementor-widget-text-editor\" data-id=\"38d8559\" data-element_type=\"widget\" data-widget_type=\"text-editor.default\">\n\t\t\t\t<div class=\"elementor-widget-container\">\n\t\t\t\t\t\t\t<p><a class=\"qodef--underline-hover\" href=\"mailto:gracey@qode.com\"> goeckert.patricia@gmail.com<\/a><\/p><p>0660 1999067<\/p>\t\t\t\t\t\t<\/div>\n\t\t\t\t<\/div>\n\t\t\t\t<div class=\"elementor-element elementor-element-0402168 elementor-widget elementor-widget-gracey_core_icon\" data-id=\"0402168\" data-element_type=\"widget\" data-widget_type=\"gracey_core_icon.default\">\n\t\t\t\t<div class=\"elementor-widget-container\">\n\t\t\t<span class=\"qodef-shortcode qodef-m  qodef-icon-holder qodef-size--small qodef-layout--normal\"  >\n\t\t\t<a itemprop=\"url\" href=\"https:\/\/www.instagram.com\/angepatzt\/\" target=\"_self\">\n\t\t\t<span class=\"qodef-icon-elegant-icons social_instagram_circle qodef-icon qodef-e\" style=\"\" ><\/span>\t\t\t<\/a>\n\t<\/span>\n\t\t<\/div>\n\t\t\t\t<\/div>\n\t\t\t\t<div class=\"elementor-element elementor-element-2badeb2 elementor-widget elementor-widget-text-editor\" data-id=\"2badeb2\" data-element_type=\"widget\" data-widget_type=\"text-editor.default\">\n\t\t\t\t<div class=\"elementor-widget-container\">\n\t\t\t\t\t\t\t<h5>Ausstellungen und Festivals<\/h5><p style=\"margin-top: -20px;\">Next Comic Ausstellung 2019<\/p><p>Einmal N\u00e4he und Zeit zur\u00fcck 2021<\/p><p>Between Times 2022<\/p><p>Rundgang 2022<\/p><p>Crossing Europe Festival 2023<\/p>\t\t\t\t\t\t<\/div>\n\t\t\t\t<\/div>\n\t\t\t\t<div class=\"elementor-element elementor-element-027ef55 elementor-widget elementor-widget-text-editor\" data-id=\"027ef55\" data-element_type=\"widget\" data-widget_type=\"text-editor.default\">\n\t\t\t\t<div class=\"elementor-widget-container\">\n\t\t\t\t\t\t\t<h5>EDUCATION<\/h5><p style=\"margin-top: -3px; font-family: Krona One; font-size: 14px;\">HTL1 Grafik- und Kommunikationsdesign<\/p><p style=\"margin-top: -10px;\">2013 &#8211; 2018, Linz<\/p><p style=\"margin-top: 0px; font-family: Krona One; font-size: 14px;\">Meisterklasse Grafik- und Kommunikationsdesign<\/p><p style=\"margin-top: -10px;\">2019 &#8211; 2020, Linz<\/p><p style=\"margin-top: 0px; font-family: Krona One; font-size: 14px;\">Zeitbasierte und Interaktive Medienkunst<\/p><p style=\"margin-top: -10px;\">Seit 2020, Kunstuniversit\u00e4t Linz<\/p>\t\t\t\t\t\t<\/div>\n\t\t\t\t<\/div>\n\t\t\t\t\t<\/div>\n\t\t<\/div>\n\t\t\t\t<div class=\"elementor-column elementor-col-50 elementor-top-column elementor-element elementor-element-f87538e elementor-hidden-phone\" data-id=\"f87538e\" data-element_type=\"column\" data-settings=\"{&quot;background_background&quot;:&quot;classic&quot;}\">\n\t\t\t<div class=\"elementor-widget-wrap elementor-element-populated\">\n\t\t\t\t\t\t\t<\/div>\n\t\t<\/div>\n\t\t\t\t\t<\/div>\n\t\t<\/section>\n\t\t\t\t<\/div>\n\t\t","protected":false},"excerpt":{"rendered":"<p>About me HI ICH BIN PAT. Medienk\u00fcnstler*in und Grafik &#8211; designer*in! Ich bin multimediale Ku\u0308nstler*In aus Wien. Geboren wurde ich 1999 in Asten. Dort ging ich bis zu meinem 14. Lebensjahr zur Schule. Danach wechselte ich auf die H\u00f6here Technische Lehranstalt fu\u0308r Grafik- und Kommunikationsdesign in Linz und machte dort 2019 meine Matura. Danach folgte [&hellip;]<\/p>\n","protected":false},"author":1,"featured_media":0,"parent":0,"menu_order":0,"comment_status":"closed","ping_status":"closed","template":"page-full-width.php","meta":{"footnotes":""},"class_list":["post-2182","page","type-page","status-publish","hentry"],"_links":{"self":[{"href":"https:\/\/patriciagoeckert.com\/index.php?rest_route=\/wp\/v2\/pages\/2182"}],"collection":[{"href":"https:\/\/patriciagoeckert.com\/index.php?rest_route=\/wp\/v2\/pages"}],"about":[{"href":"https:\/\/patriciagoeckert.com\/index.php?rest_route=\/wp\/v2\/types\/page"}],"author":[{"embeddable":true,"href":"https:\/\/patriciagoeckert.com\/index.php?rest_route=\/wp\/v2\/users\/1"}],"replies":[{"embeddable":true,"href":"https:\/\/patriciagoeckert.com\/index.php?rest_route=%2Fwp%2Fv2%2Fcomments&post=2182"}],"version-history":[{"count":18,"href":"https:\/\/patriciagoeckert.com\/index.php?rest_route=\/wp\/v2\/pages\/2182\/revisions"}],"predecessor-version":[{"id":8572,"href":"https:\/\/patriciagoeckert.com\/index.php?rest_route=\/wp\/v2\/pages\/2182\/revisions\/8572"}],"wp:attachment":[{"href":"https:\/\/patriciagoeckert.com\/index.php?rest_route=%2Fwp%2Fv2%2Fmedia&parent=2182"}],"curies":[{"name":"wp","href":"https:\/\/api.w.org\/{rel}","templated":true}]}}