{"id":1052,"date":"2021-05-17T10:24:39","date_gmt":"2021-05-17T10:24:39","guid":{"rendered":"https:\/\/gracey.qodeinteractive.com\/?page_id=1052"},"modified":"2023-05-10T15:14:36","modified_gmt":"2023-05-10T15:14:36","slug":"animated-project-reveal","status":"publish","type":"page","link":"https:\/\/patriciagoeckert.com\/?page_id=1052","title":{"rendered":"Animated Project Reveal"},"content":{"rendered":"\t\t<div data-elementor-type=\"wp-page\" data-elementor-id=\"1052\" class=\"elementor elementor-1052\">\n\t\t\t\t\t\t<section class=\"elementor-section elementor-top-section elementor-element elementor-element-0e8814d elementor-section-full_width elementor-section-height-min-height elementor-section-height-default elementor-section-items-middle qodef-elementor-content-no\" data-id=\"0e8814d\" data-element_type=\"section\">\n\t\t\t\t\t\t<div class=\"elementor-container elementor-column-gap-default\">\n\t\t\t\t\t<div class=\"elementor-column elementor-col-100 elementor-top-column elementor-element elementor-element-9d0f2e9\" data-id=\"9d0f2e9\" data-element_type=\"column\">\n\t\t\t<div class=\"elementor-widget-wrap elementor-element-populated\">\n\t\t\t\t\t\t<div class=\"elementor-element elementor-element-5e1a8d0 elementor-widget elementor-widget-gracey_core_stacked_portfolio\" data-id=\"5e1a8d0\" data-element_type=\"widget\" data-widget_type=\"gracey_core_stacked_portfolio.default\">\n\t\t\t\t<div class=\"elementor-widget-container\">\n\t\t\t<div class=\"qodef-shortcode qodef-m  qodef-stacked-portfolio \">\n    \n<div class=\"qodef-sp-item\" data-index=\"0\" data-x=\"center\" data-y=\"center\">\n    <div class=\"qodef-sp-item-inner\">\n        <div>\n            <a itemprop=\" url\" href=\"https:\/\/patriciagoeckert.com\/?portfolio-item=lust\" target=\"_self\">\n                <img decoding=\"async\" src=\"https:\/\/patriciagoeckert.com\/wp-content\/uploads\/2024\/06\/Titel.jpg\" alt=\"\">\n            <\/a>\n        <\/div>\n    <\/div>\n<\/div> \n<div class=\"qodef-sp-item\" data-index=\"1\" data-x=\"center\" data-y=\"center\">\n    <div class=\"qodef-sp-item-inner\">\n        <div>\n            <a itemprop=\" url\" href=\"https:\/\/patriciagoeckert.com\/?portfolio-item=an-der-kassa-musst-ich-an-dich-denken\" target=\"_self\">\n                <img decoding=\"async\" src=\"https:\/\/patriciagoeckert.com\/wp-content\/uploads\/2024\/06\/Titel-2.jpg\" alt=\"\">\n            <\/a>\n        <\/div>\n    <\/div>\n<\/div> \n<div class=\"qodef-sp-item\" data-index=\"2\" data-x=\"center\" data-y=\"center\">\n    <div class=\"qodef-sp-item-inner\">\n        <div>\n            <a itemprop=\" url\" href=\"https:\/\/patriciagoeckert.com\/?portfolio-item=dear-pressure\" target=\"_self\">\n                <img decoding=\"async\" src=\"https:\/\/patriciagoeckert.com\/wp-content\/uploads\/2024\/06\/Titel-3.jpg\" alt=\"\">\n            <\/a>\n        <\/div>\n    <\/div>\n<\/div> \n<div class=\"qodef-sp-item\" data-index=\"3\" data-x=\"center\" data-y=\"center\">\n    <div class=\"qodef-sp-item-inner\">\n        <div>\n            <a itemprop=\" url\" href=\"https:\/\/patriciagoeckert.com\/?portfolio-item=ode-an-die-haut\" target=\"_self\">\n                <img decoding=\"async\" src=\"https:\/\/patriciagoeckert.com\/wp-content\/uploads\/2024\/09\/DSCF0735-Kopie.jpg\" alt=\"\">\n            <\/a>\n        <\/div>\n    <\/div>\n<\/div> \n<div class=\"qodef-sp-item\" data-index=\"4\" data-x=\"center\" data-y=\"center\">\n    <div class=\"qodef-sp-item-inner\">\n        <div>\n            <a itemprop=\" url\" href=\"https:\/\/patriciagoeckert.com\/?portfolio-item=canary\" target=\"_self\">\n                <img decoding=\"async\" src=\"https:\/\/patriciagoeckert.com\/wp-content\/uploads\/2021\/05\/Filmplakat.jpg\" alt=\"\">\n            <\/a>\n        <\/div>\n    <\/div>\n<\/div> \n<div class=\"qodef-sp-text-items\">\n    \n<div class=\"qodef-sp-text-item\" data-index=\"0\">\n    <div class=\"qodef-e-number\">01<\/div>\n    <h5 itemprop=\"name\" class=\"qodef-e-title entry-title\">\n\t<a itemprop=\"url\" class=\"qodef-e-title-link\" href=\"https:\/\/patriciagoeckert.com\/?portfolio-item=lust\">\n\t\tlust\t<\/a>\n<\/h5>    <div class=\"qodef-e-info-category\">\n\t\t\t<a itemprop=\"url\" class=\"qodef-e-category\" href=\"https:\/\/patriciagoeckert.com\/?portfolio-category=installation\">\n\t\t\tInstallation\t\t<\/a>\n\t\t\t<a itemprop=\"url\" class=\"qodef-e-category\" href=\"https:\/\/patriciagoeckert.com\/?portfolio-category=videography\">\n\t\t\tVideography\t\t<\/a>\n\t<\/div>\n<\/div>\n<div class=\"qodef-sp-text-item\" data-index=\"1\">\n    <div class=\"qodef-e-number\">02<\/div>\n    <h5 itemprop=\"name\" class=\"qodef-e-title entry-title\">\n\t<a itemprop=\"url\" class=\"qodef-e-title-link\" href=\"https:\/\/patriciagoeckert.com\/?portfolio-item=an-der-kassa-musst-ich-an-dich-denken\">\n\t\tAn der Kassa musst&#8216; ich an dich denken\t<\/a>\n<\/h5>    <div class=\"qodef-e-info-category\">\n\t\t\t<a itemprop=\"url\" class=\"qodef-e-category\" href=\"https:\/\/patriciagoeckert.com\/?portfolio-category=videography\">\n\t\t\tVideography\t\t<\/a>\n\t<\/div>\n<\/div>\n<div class=\"qodef-sp-text-item\" data-index=\"2\">\n    <div class=\"qodef-e-number\">03<\/div>\n    <h5 itemprop=\"name\" class=\"qodef-e-title entry-title\">\n\t<a itemprop=\"url\" class=\"qodef-e-title-link\" href=\"https:\/\/patriciagoeckert.com\/?portfolio-item=dear-pressure\">\n\t\tDear Pressure\t<\/a>\n<\/h5>    <div class=\"qodef-e-info-category\">\n\t\t\t<a itemprop=\"url\" class=\"qodef-e-category\" href=\"https:\/\/patriciagoeckert.com\/?portfolio-category=installation\">\n\t\t\tInstallation\t\t<\/a>\n\t\t\t<a itemprop=\"url\" class=\"qodef-e-category\" href=\"https:\/\/patriciagoeckert.com\/?portfolio-category=performance\">\n\t\t\tPerformance\t\t<\/a>\n\t\t\t<a itemprop=\"url\" class=\"qodef-e-category\" href=\"https:\/\/patriciagoeckert.com\/?portfolio-category=videography\">\n\t\t\tVideography\t\t<\/a>\n\t<\/div>\n<\/div>\n<div class=\"qodef-sp-text-item\" data-index=\"3\">\n    <div class=\"qodef-e-number\">04<\/div>\n    <h5 itemprop=\"name\" class=\"qodef-e-title entry-title\">\n\t<a itemprop=\"url\" class=\"qodef-e-title-link\" href=\"https:\/\/patriciagoeckert.com\/?portfolio-item=ode-an-die-haut\">\n\t\tOde an die Haut\t<\/a>\n<\/h5>    <div class=\"qodef-e-info-category\">\n\t\t\t<a itemprop=\"url\" class=\"qodef-e-category\" href=\"https:\/\/patriciagoeckert.com\/?portfolio-category=installation\">\n\t\t\tInstallation\t\t<\/a>\n\t\t\t<a itemprop=\"url\" class=\"qodef-e-category\" href=\"https:\/\/patriciagoeckert.com\/?portfolio-category=photography\">\n\t\t\tPhotography\t\t<\/a>\n\t<\/div>\n<\/div>\n<div class=\"qodef-sp-text-item\" data-index=\"4\">\n    <div class=\"qodef-e-number\">05<\/div>\n    <h5 itemprop=\"name\" class=\"qodef-e-title entry-title\">\n\t<a itemprop=\"url\" class=\"qodef-e-title-link\" href=\"https:\/\/patriciagoeckert.com\/?portfolio-item=canary\">\n\t\tIrgendwann wirst du verstehen\t<\/a>\n<\/h5>    <div class=\"qodef-e-info-category\">\n\t\t\t<a itemprop=\"url\" class=\"qodef-e-category\" href=\"https:\/\/patriciagoeckert.com\/?portfolio-category=videography\">\n\t\t\tVideography\t\t<\/a>\n\t<\/div>\n<\/div><\/div>\n\n    <div class=\"qodef-sp-end-of-scroll\">\n        <div>\n            <h1 class=\"qodef-eos-title\" >\n                <span>HI, ich bin <span class=\"qodef-sp-title-emphasize\">Patricia, multimediale<\/span> K\u00fcnstler*In aus Linz<\/span>\n            <\/h1>\n        <\/div>\n    <\/div>\n    <div class=\"qodef-sp-scroll-note\">\n        <div>\n\t        <div class=\"qodef-sp-scroll-note-inner\">\n\t\t        <span class=\"qodef-sp-down\"><span class=\"qodef-sp-arrow\"><svg  xmlns=\"http:\/\/www.w3.org\/2000\/svg\" xmlns:xlink=\"http:\/\/www.w3.org\/1999\/xlink\" x=\"0px\" y=\"0px\" width=\"28\" height=\"18\" viewBox=\"0 0 28 18\"  xml:space=\"preserve\"><path d=\"M27.6,8.5c-5.5,0-9.5-8.1-9.5-8.2C17.9,0,17.7,0,17.5,0.1c-0.2,0.1-0.3,0.4-0.1,0.7c0.1,0.3,2.7,5.5,6.7,7.7H0.4C0.2,8.5,0,8.7,0,9c0,0.3,0.2,0.5,0.4,0.5h23.7c-4,2.2-6.6,7.4-6.7,7.7c-0.1,0.2,0,0.5,0.1,0.7c0.2,0.1,0.4,0.1,0.6-0.2c0-0.1,4.1-8.2,9.5-8.2C27.8,9.5,28,9.3,28,9C28,8.7,27.8,8.5,27.6,8.5z\"\/><path d=\"M27.6,8.5c-5.5,0-9.5-8.1-9.5-8.2C17.9,0,17.7,0,17.5,0.1c-0.2,0.1-0.3,0.4-0.1,0.7c0.1,0.3,2.7,5.5,6.7,7.7H0.4C0.2,8.5,0,8.7,0,9c0,0.3,0.2,0.5,0.4,0.5h23.7c-4,2.2-6.6,7.4-6.7,7.7c-0.1,0.2,0,0.5,0.1,0.7c0.2,0.1,0.4,0.1,0.6-0.2c0-0.1,4.1-8.2,9.5-8.2C27.8,9.5,28,9.3,28,9C28,8.7,27.8,8.5,27.6,8.5z\"\/><\/svg><\/span><span>Scroll down<\/span><\/span>\n\t\t        <span class=\"qodef-sp-up\"><span>Scroll up<\/span><span class=\"qodef-sp-arrow\"><svg  xmlns=\"http:\/\/www.w3.org\/2000\/svg\" xmlns:xlink=\"http:\/\/www.w3.org\/1999\/xlink\" x=\"0px\" y=\"0px\" width=\"28\" height=\"18\" viewBox=\"0 0 28 18\"  xml:space=\"preserve\"><path d=\"M27.6,8.5c-5.5,0-9.5-8.1-9.5-8.2C17.9,0,17.7,0,17.5,0.1c-0.2,0.1-0.3,0.4-0.1,0.7c0.1,0.3,2.7,5.5,6.7,7.7H0.4C0.2,8.5,0,8.7,0,9c0,0.3,0.2,0.5,0.4,0.5h23.7c-4,2.2-6.6,7.4-6.7,7.7c-0.1,0.2,0,0.5,0.1,0.7c0.2,0.1,0.4,0.1,0.6-0.2c0-0.1,4.1-8.2,9.5-8.2C27.8,9.5,28,9.3,28,9C28,8.7,27.8,8.5,27.6,8.5z\"\/><path d=\"M27.6,8.5c-5.5,0-9.5-8.1-9.5-8.2C17.9,0,17.7,0,17.5,0.1c-0.2,0.1-0.3,0.4-0.1,0.7c0.1,0.3,2.7,5.5,6.7,7.7H0.4C0.2,8.5,0,8.7,0,9c0,0.3,0.2,0.5,0.4,0.5h23.7c-4,2.2-6.6,7.4-6.7,7.7c-0.1,0.2,0,0.5,0.1,0.7c0.2,0.1,0.4,0.1,0.6-0.2c0-0.1,4.1-8.2,9.5-8.2C27.8,9.5,28,9.3,28,9C28,8.7,27.8,8.5,27.6,8.5z\"\/><\/svg><\/span><\/span>\n\t        <\/div>\n        <\/div>\n    <\/div>\n        <\/div>\n<\/div>\n\t\t<\/div>\n\t\t\t\t<\/div>\n\t\t\t\t\t<\/div>\n\t\t<\/div>\n\t\t\t\t\t<\/div>\n\t\t<\/section>\n\t\t\t\t<\/div>\n\t\t","protected":false},"excerpt":{"rendered":"<p>01 Irgendwann wirst du verstehen Video 02 Gegen den Strom Design 03 Jetzt f\u00fcr Immer Design 04 Ber\u00fchrt Video 05 Normalize normal things Photography HI, ich bin Patricia, multimediale K\u00fcnstler*In aus Linz Scroll down Scroll up<\/p>\n","protected":false},"author":1,"featured_media":0,"parent":0,"menu_order":0,"comment_status":"closed","ping_status":"closed","template":"","meta":{"footnotes":""},"class_list":["post-1052","page","type-page","status-publish","hentry"],"_links":{"self":[{"href":"https:\/\/patriciagoeckert.com\/index.php?rest_route=\/wp\/v2\/pages\/1052"}],"collection":[{"href":"https:\/\/patriciagoeckert.com\/index.php?rest_route=\/wp\/v2\/pages"}],"about":[{"href":"https:\/\/patriciagoeckert.com\/index.php?rest_route=\/wp\/v2\/types\/page"}],"author":[{"embeddable":true,"href":"https:\/\/patriciagoeckert.com\/index.php?rest_route=\/wp\/v2\/users\/1"}],"replies":[{"embeddable":true,"href":"https:\/\/patriciagoeckert.com\/index.php?rest_route=%2Fwp%2Fv2%2Fcomments&post=1052"}],"version-history":[{"count":12,"href":"https:\/\/patriciagoeckert.com\/index.php?rest_route=\/wp\/v2\/pages\/1052\/revisions"}],"predecessor-version":[{"id":8431,"href":"https:\/\/patriciagoeckert.com\/index.php?rest_route=\/wp\/v2\/pages\/1052\/revisions\/8431"}],"wp:attachment":[{"href":"https:\/\/patriciagoeckert.com\/index.php?rest_route=%2Fwp%2Fv2%2Fmedia&parent=1052"}],"curies":[{"name":"wp","href":"https:\/\/api.w.org\/{rel}","templated":true}]}}